{"id":7,"date":"2026-04-21T13:23:50","date_gmt":"2026-04-21T11:23:50","guid":{"rendered":"http:\/\/emma.3sheds-cie.ch\/?page_id=7"},"modified":"2026-04-23T13:41:51","modified_gmt":"2026-04-23T11:41:51","slug":"test-1","status":"publish","type":"page","link":"https:\/\/emma.3sheds-cie.ch\/index.php\/test-1\/","title":{"rendered":"Pr\u00e9sentation"},"content":{"rendered":"<div class=\"et_pb_section_0 et_pb_section et_section_regular et_flex_section\">\n<div class=\"et_pb_row_0 et_pb_row et_flex_row\">\n<div class=\"et_pb_column_0 et_pb_column et_flex_column et_pb_css_mix_blend_mode_passthrough et_flex_column_12_24 et_flex_column_12_24_tablet et_flex_column_24_24_phone\">\n<div class=\"et_pb_text_0 et_pb_text et_pb_bg_layout_light et_pb_module et_flex_module\"><div class=\"et_pb_text_inner\"><p><strong>ABOUT ME!!<\/strong><\/p>\n<\/div><\/div>\n\n<div class=\"et_pb_text_1 et_pb_text et_pb_bg_layout_light et_pb_module et_flex_module\"><div class=\"et_pb_text_inner\"><p>Je m\u2019appelle Emma, je vis \u00e0 Gen\u00e8ve et je suis apprentie m\u00e9diamaticienne chez Fondation ForPro<\/p>\n<\/div><\/div>\n<\/div>\n\n<div class=\"et_pb_column_1 et_pb_column et-last-child et_flex_column et_pb_css_mix_blend_mode_passthrough et_flex_column_12_24 et_flex_column_12_24_tablet et_flex_column_24_24_phone\">\n<div class=\"et_pb_image_0 et_pb_image et_pb_module et_flex_module\"><span class=\"et_pb_image_wrap\"><img loading=\"lazy\" decoding=\"async\" src=\"http:\/\/emma.3sheds-cie.ch\/wp-content\/uploads\/2026\/04\/bulle_moi.png\" title=\"bulle_moi\" width=\"872\" height=\"866\" srcset=\"http:\/\/emma.3sheds-cie.ch\/wp-content\/uploads\/2026\/04\/bulle_moi.png 872w, http:\/\/emma.3sheds-cie.ch\/wp-content\/uploads\/2026\/04\/bulle_moi-480x477.png 480w\" sizes=\"(min-width: 0px) and (max-width: 480px) 480px, (min-width: 481px) 872px, 100vw\" class=\"wp-image-63\" \/><\/span><\/div>\n<\/div>\n<\/div>\n<\/div>\n\n<div class=\"et_pb_section_1 et_pb_section et_section_regular et_flex_section\">\n<div class=\"et_pb_row_1 et_pb_row et_flex_row\">\n<div class=\"et_pb_column_2 et_pb_column et-last-child et_flex_column et_pb_css_mix_blend_mode_passthrough et_flex_column_24_24 et_flex_column_24_24_tablet et_flex_column_24_24_phone\">\n<div class=\"et_pb_text_2 et_pb_text et_pb_bg_layout_light et_pb_module et_flex_module\"><div class=\"et_pb_text_inner\"><p style=\"text-align: right;\">MON PARCOUR<\/p>\n<\/div><\/div>\n<\/div>\n<\/div>\n<\/div>\n\n<div class=\"et_pb_section_2 et_pb_section et_section_regular et_flex_section\">\n<div class=\"et_pb_row_2 et_pb_row et_flex_row\">\n<div class=\"et_pb_column_3 et_pb_column et-last-child et_flex_column et_pb_css_mix_blend_mode_passthrough et_flex_column_24_24 et_flex_column_24_24_tablet et_flex_column_24_24_phone\">\n<div class=\"et_pb_text_3 et_pb_text et_pb_bg_layout_light et_pb_module et_flex_module\"><div class=\"et_pb_text_inner\"><p>2022-2023: Cycle d\u2019orientation Cayla<\/p>\n<p>2023-2024: Apprentissage gestionnaire du commerce de d\u00e9tails - fin juin<\/p>\n<p>2024-2025: CAP Formation - ao\u00fbt 2024 \u00e0 ao\u00fbt 2025<\/p>\n<p>2025- aujourd\u2019hui: Apprentissage m\u00e9diamaticienne<\/p>\n<\/div><\/div>\n<\/div>\n<\/div>\n<\/div>","protected":false},"excerpt":{"rendered":"","protected":false},"author":1,"featured_media":0,"parent":0,"menu_order":0,"comment_status":"closed","ping_status":"closed","template":"","meta":{"footnotes":""},"class_list":["post-7","page","type-page","status-publish","hentry"],"_links":{"self":[{"href":"https:\/\/emma.3sheds-cie.ch\/index.php\/wp-json\/wp\/v2\/pages\/7","targetHints":{"allow":["GET"]}}],"collection":[{"href":"https:\/\/emma.3sheds-cie.ch\/index.php\/wp-json\/wp\/v2\/pages"}],"about":[{"href":"https:\/\/emma.3sheds-cie.ch\/index.php\/wp-json\/wp\/v2\/types\/page"}],"author":[{"embeddable":true,"href":"https:\/\/emma.3sheds-cie.ch\/index.php\/wp-json\/wp\/v2\/users\/1"}],"replies":[{"embeddable":true,"href":"https:\/\/emma.3sheds-cie.ch\/index.php\/wp-json\/wp\/v2\/comments?post=7"}],"version-history":[{"count":22,"href":"https:\/\/emma.3sheds-cie.ch\/index.php\/wp-json\/wp\/v2\/pages\/7\/revisions"}],"predecessor-version":[{"id":119,"href":"https:\/\/emma.3sheds-cie.ch\/index.php\/wp-json\/wp\/v2\/pages\/7\/revisions\/119"}],"wp:attachment":[{"href":"https:\/\/emma.3sheds-cie.ch\/index.php\/wp-json\/wp\/v2\/media?parent=7"}],"curies":[{"name":"wp","href":"https:\/\/api.w.org\/{rel}","templated":true}]}}

Présentation

<div class="et_pb_section_0 et_pb_section et_section_regular et_flex_section">
<div class="et_pb_row_0 et_pb_row et_flex_row">
<div class="et_pb_column_0 et_pb_column et_flex_column et_pb_css_mix_blend_mode_passthrough et_flex_column_12_24 et_flex_column_12_24_tablet et_flex_column_24_24_phone">
<div class="et_pb_text_0 et_pb_text et_pb_bg_layout_light et_pb_module et_flex_module"><div class="et_pb_text_inner"><p><strong>ABOUT ME!!</strong></p>
</div></div>

<div class="et_pb_text_1 et_pb_text et_pb_bg_layout_light et_pb_module et_flex_module"><div class="et_pb_text_inner"><p>Je m’appelle Emma, je vis à Genève et je suis apprentie médiamaticienne chez Fondation ForPro</p>
</div></div>
</div>

<div class="et_pb_column_1 et_pb_column et-last-child et_flex_column et_pb_css_mix_blend_mode_passthrough et_flex_column_12_24 et_flex_column_12_24_tablet et_flex_column_24_24_phone">
<div class="et_pb_image_0 et_pb_image et_pb_module et_flex_module"><span class="et_pb_image_wrap"><img loading="lazy" decoding="async" src="http://emma.3sheds-cie.ch/wp-content/uploads/2026/04/bulle_moi.png" title="bulle_moi" width="872" height="866" srcset="http://emma.3sheds-cie.ch/wp-content/uploads/2026/04/bulle_moi.png 872w, http://emma.3sheds-cie.ch/wp-content/uploads/2026/04/bulle_moi-480x477.png 480w" sizes="(min-width: 0px) and (max-width: 480px) 480px, (min-width: 481px) 872px, 100vw" class="wp-image-63" /></span></div>
</div>
</div>
</div>

<div class="et_pb_section_1 et_pb_section et_section_regular et_flex_section">
<div class="et_pb_row_1 et_pb_row et_flex_row">
<div class="et_pb_column_2 et_pb_column et-last-child et_flex_column et_pb_css_mix_blend_mode_passthrough et_flex_column_24_24 et_flex_column_24_24_tablet et_flex_column_24_24_phone">
<div class="et_pb_text_2 et_pb_text et_pb_bg_layout_light et_pb_module et_flex_module"><div class="et_pb_text_inner"><p style="text-align: right;">MON PARCOUR</p>
</div></div>
</div>
</div>
</div>

<div class="et_pb_section_2 et_pb_section et_section_regular et_flex_section">
<div class="et_pb_row_2 et_pb_row et_flex_row">
<div class="et_pb_column_3 et_pb_column et-last-child et_flex_column et_pb_css_mix_blend_mode_passthrough et_flex_column_24_24 et_flex_column_24_24_tablet et_flex_column_24_24_phone">
<div class="et_pb_text_3 et_pb_text et_pb_bg_layout_light et_pb_module et_flex_module"><div class="et_pb_text_inner"><p>2022-2023: Cycle d’orientation Cayla</p>
<p>2023-2024: Apprentissage gestionnaire du commerce de détails - fin juin</p>
<p>2024-2025: CAP Formation - août 2024 à août 2025</p>
<p>2025- aujourd’hui: Apprentissage médiamaticienne</p>
</div></div>
</div>
</div>
</div>
